{"id":1449,"date":"2024-05-23T08:00:00","date_gmt":"2024-05-23T08:00:00","guid":{"rendered":"http:\/\/wp-box-eg2020.de\/?page_id=1449"},"modified":"2024-05-23T08:23:02","modified_gmt":"2024-05-23T08:23:02","slug":"gebetszeit-am-morgen","status":"publish","type":"page","link":"http:\/\/wp-box-eg2020.de\/?page_id=1449","title":{"rendered":"Gebetszeit am Morgen"},"content":{"rendered":"\n<p>Mein Vater, nun beginnt ein neuer Tag und ich bin noch nicht recht wach. Ich m\u00f6chte diesen Tag von Anfang an ganz bewu\u00dft und entschlossen Dir weihen. Wecke Du selbst mich richtig auf. Stelle die Verbindung zwischen Dir und meinem Geist her und lass meine Gedanken und Gef\u00fchle der Leitung des Geistes folgen.<br>Ich wei\u00df, dass ich meinen Tag nicht bestehen kann au\u00dfer Dir. Ich wei\u00df, dass Feinde um mich lauern, die mich abziehen und abhalten wollen von Dir. Aber ich erw\u00e4hle zu Beginn dieses Tages ganz bewu\u00dft und neu Deine Gegenwart und rechne fest damit, dass Du aktiv wirst in meinem Leben.<\/p>\n\n\n\n<div class=\"wp-block-aab-group-accordion aagb_accordion_7d1b1c7f-2be6-4378-a9b6-3350696353e1 click\">\n<div class=\"wp-block-aab-accordion-item aagb__accordion_container\" style=\"border:1px solid #cccccc;margin-top:0px;margin-bottom:15px;border-radius:0px\"><div class=\"aagb__accordion_head aab_right_icon\" data-active=\"false\" style=\"color:#333333;background-color:transparent;padding:10px 15px 10px 15px\"><div class=\"aagb__accordion_heading aab_right_icon\"><h4 class=\"aagb__accordion_title\" style=\"margin:0;color:#333333\">\u201cAlles au\u00dfer N\u00e4he\u201d \u2013 Stimme des Feindes<\/h4><\/div><div class=\"aagb__accordion_icon\" style=\"color:#333333;background-color:transparent\"><span class=\"aagb__icon dashicons dashicons-plus-alt2\"><\/span><\/div><\/div><div class=\"aagb__accordion_body \" role=\"region\" style=\"background-color:transparent;border-top:1px solid #cccccc;padding:10px 15px 10px 15px\">\n<p>Vater, der Teufel l\u00e4\u00dft uns alles treiben, au\u00dfer was uns in Deine N\u00e4he bringen w\u00fcrde. Er behindert uns in allem, wenn er uns nur ein wenig von Dir abhalten kann. Aber genau auf diesem Punkt widerstehe ich ihm mit allen Mitteln, die daf\u00fcr gut sind. Gerade wenn ich von der N\u00e4he zu Dir Zeugnis gab, will und mu\u00df ich diesen Widerstand besonders \u00fcben (Jakobus 4,7+8). \\<br>Von Anfang an war sein Bestreben, uns Menschen von Dir zu trennen und fern zu halten. Aber Du rufst uns immer und immer wieder zur\u00fcck in Deine N\u00e4he \u2013 ich glaube Dir und komme zu Dir<\/p>\n<\/div><\/div>\n\n\n\n<div class=\"wp-block-aab-accordion-item aagb__accordion_container\" style=\"border:1px solid #cccccc;margin-top:0px;margin-bottom:15px;border-radius:0px\"><div class=\"aagb__accordion_head aab_right_icon\" data-active=\"false\" style=\"color:#333333;background-color:transparent;padding:10px 15px 10px 15px\"><div class=\"aagb__accordion_heading aab_right_icon\"><h4 class=\"aagb__accordion_title\" style=\"margin:0;color:#333333\">Im Vorzimmer oder in der Audienz?<\/h4><\/div><div class=\"aagb__accordion_icon\" style=\"color:#333333;background-color:transparent\"><span class=\"aagb__icon dashicons dashicons-plus-alt2\"><\/span><\/div><\/div><div class=\"aagb__accordion_body \" role=\"region\" style=\"background-color:transparent;border-top:1px solid #cccccc;padding:10px 15px 10px 15px\">\n<p>Vater, ich anerkenne, dass ich mich immer wieder im Vorzimmer herumdr\u00fccke, anstatt die Stunde der Audienz im Thronsaal wahrzunehmen. \u2013 Wie fr\u00fcher daheim. Wie lang dr\u00fcckte ich da herum, ehe ich wagte zu meinem Vater hinzutreten. Ich hatte vor ihm mehr Angst als Vaterliebe. <br>Aber nun sehne ich mich doch nach Dir \u2013 trotz meiner Unzul\u00e4nglichkeit \u2013 Vater, mach mich rein! Heile mich ganz und gar von dieser Haltung des Fernbleibens.<\/p>\n<\/div><\/div>\n\n\n\n<div class=\"wp-block-aab-accordion-item aagb__accordion_container\" style=\"border:1px solid #cccccc;margin-top:0px;margin-bottom:15px;border-radius:0px\"><div class=\"aagb__accordion_head aab_right_icon\" data-active=\"false\" style=\"color:#333333;background-color:transparent;padding:10px 15px 10px 15px\"><div class=\"aagb__accordion_heading aab_right_icon\"><h4 class=\"aagb__accordion_title\" style=\"margin:0;color:#333333\">Freier Zugang<\/h4><\/div><div class=\"aagb__accordion_icon\" style=\"color:#333333;background-color:transparent\"><span class=\"aagb__icon dashicons dashicons-plus-alt2\"><\/span><\/div><\/div><div class=\"aagb__accordion_body \" role=\"region\" style=\"background-color:transparent;border-top:1px solid #cccccc;padding:10px 15px 10px 15px\">\n<p>Herr Jesus, durch Dein Blut habe ich in Wahrheit freien Zugang zum Heiligtum, zum Vater in Seinem Thronsaal. Das ist das gro\u00dfe Geschenk Deiner Erl\u00f6sung. Ich brauche mich nie, wirklich nie vor der T\u00fcre herumzudr\u00fccken. So will ich jetzt und immer neu unter Tags \u2013 vor allem auch zum Tagesabschlu\u00df! \u2013 hineingehen im vollen Glauben. Dir danke ich diese Freiheit zu kommen und zu reden.<br>Aber darum will ich auch gut hinh\u00f6ren, wo Dein Geist mein Gewissen ber\u00fchrt, so dass ich mein Abweichen erkennen und bekennen kann. Ich wei\u00df, dass Du gern und alles vergibst \u2013 aber Du wartest auch auf mein Bekenntnis. So ordne Du meinen Tag in allen St\u00fccken auf diese Gemeinschaft mit Dir hin.<\/p>\n\n\n\n<p>Und dann sind da noch die Hindernisse, Dinge und Erlebnisse, die mir im Weg stehen. Alles, was nie wirklich zu Dir gebracht wurde, das kann mich blockieren, zu Dir zu kommen. So bitte ich um Licht und um den Mut, diese Dinge zu erkennen und auszusprechen. Sonst bleiben sie wie Fremdk\u00f6rper in meinem Leben, wie tote Elemente oder Organe im Baum meines Lebens. Aber Du, mein Vater, willst das alles heilen und zusammenbringen. Du verlangst nicht nur, dass wir ganz sein sollen \u2013 Du machst das selbst in uns! Und Du wirkst in allem mit, so dass auch im dunkelsten Geschehen Wege zum Heil sichtbar werden.<\/p>\n<\/div><\/div>\n\n\n\n<div class=\"wp-block-aab-accordion-item aagb__accordion_container\" style=\"border:1px solid #cccccc;margin-top:0px;margin-bottom:15px;border-radius:0px\"><div class=\"aagb__accordion_head aab_right_icon\" data-active=\"false\" style=\"color:#333333;background-color:transparent;padding:10px 15px 10px 15px\"><div class=\"aagb__accordion_heading aab_right_icon\"><h4 class=\"aagb__accordion_title\" style=\"margin:0;color:#333333\">Wie bei &#8222;Georg und Eliza&#8220;<\/h4><\/div><div class=\"aagb__accordion_icon\" style=\"color:#333333;background-color:transparent\"><span class=\"aagb__icon dashicons dashicons-plus-alt2\"><\/span><\/div><\/div><div class=\"aagb__accordion_body \" role=\"region\" style=\"background-color:transparent;border-top:1px solid #cccccc;padding:10px 15px 10px 15px\">\n<p>Vater, wie die kleine Eliza zu ihrem Papa kam und sein dickes Buch wegdr\u00fcckte, weil sie auf Papas Scho\u00df klettern wollte. So eile ich zu Dir \u2013 einfach weil ich Dein Kind bin und Dir geh\u00f6re. Und Du bist noch viel mehr Vater als der einfache Georg. Du legst erst recht alle Arbeit weg um Dein Kind auf den Scho\u00df zu heben und an Dich zu dr\u00fccken. Vater, ich brauche solche Zeiten der N\u00e4he, auch wenn ich dann wieder in der Ferne meine Aufgaben lernen mu\u00df. <br>Ein kleines Kind bleibt nicht dauernd auf dem Scho\u00df des Vaters, es mu\u00df auch wieder die Welt erobern \u2013 aber es kommt immer wieder zur\u00fcck, wenn seine Seele auftanken m\u00f6chte. So will ich es auch lernen. Darin will ich nie zu erwachsen werden.<\/p>\n\n\n\n<p>Ich bete Dich an und danke Dir, dass ich in Dir sein darf \u2013 mein Vater! \u2013 welch Wunder, dass ein Mensch so nahe sein darf zu Dir, dem ewigen Gott. Ich danke Dir daf\u00fcr. Ich erkenne im Glauben, dass dies Dein eigenes gro\u00dfes Sehnen ist, dass wir in Dir und bei Dir bleiben und Du in uns leben und weben und sein kannst. Dank und Anbetung Dir f\u00fcr solch unaussprechliches Geschenk.<\/p>\n<\/div><\/div>\n\n\n\n<div class=\"wp-block-aab-accordion-item aagb__accordion_container\" style=\"border:1px solid #cccccc;margin-top:0px;margin-bottom:15px;border-radius:0px\"><div class=\"aagb__accordion_head aab_right_icon\" data-active=\"false\" style=\"color:#333333;background-color:transparent;padding:10px 15px 10px 15px\"><div class=\"aagb__accordion_heading aab_right_icon\"><h4 class=\"aagb__accordion_title\" style=\"margin:0;color:#333333\">Etwas zieht mich von Dir fort<\/h4><\/div><div class=\"aagb__accordion_icon\" style=\"color:#333333;background-color:transparent\"><span class=\"aagb__icon dashicons dashicons-plus-alt2\"><\/span><\/div><\/div><div class=\"aagb__accordion_body \" role=\"region\" style=\"background-color:transparent;border-top:1px solid #cccccc;padding:10px 15px 10px 15px\">\n<p>Vater, oft erlebe ich einen so starken Trieb von Dir weg. Ich sehe darin die Fortsetzung oder eine Auswirkung dessen, dass ich nie mit meiner Mutter verbunden war. Ich wei\u00df nicht aus eigener Erfahrung, was Bonding bedeutet. Aber ich glaube, dass ich es in Dir und bei Dir lernen darf. <br>Sicher suchst Du noch eine andere Beziehung, nicht in Identifikation sondern als Gegen\u00fcber, aber diese Urbindung ist doch Grundlage aller Beziehung! \u2013 Ich wei\u00df, dass im Bund noch eine andere Dimension liegt, ein wirkliches Gegen\u00fcber zwischen Gott und Mensch und eine wesentliche Verantwortlichkeit zwischen den Bundespartnern. Vater, das zeige mir und das schenke mir immer mehr.<\/p>\n\n\n\n<p>Ich wei\u00df auch, dass der Feind diese Gemeinschaft mit Dir st\u00f6ren will. Darum mu\u00df das mein vordringlicher Kampf sein, dass ich diese N\u00e4he pflege. Wie k\u00f6nnte ich Dir meine Liebe besser zeigen?<\/p>\n\n\n\n<p>So danke ich Dir auch f\u00fcr die Ruhe und Erholung dieser Nacht und die Chance, neu anzufangen. Du schenkst die Nacht zum Verarbeiten und Weglegen dessen, was den Tag belastet hat. Darum hilf mir dann auch, den Tag anders mit Dir zu beschlie\u00dfen. Du schenkst den Morgen um neu in einen Tag zu gehen, der Dir Frucht bringen soll und darf.<\/p>\n<\/div><\/div>\n\n\n\n<div class=\"wp-block-aab-accordion-item aagb__accordion_container\" style=\"border:1px solid #cccccc;margin-top:0px;margin-bottom:15px;border-radius:0px\"><div class=\"aagb__accordion_head aab_right_icon\" data-active=\"false\" style=\"color:#333333;background-color:transparent;padding:10px 15px 10px 15px\"><div class=\"aagb__accordion_heading aab_right_icon\"><h4 class=\"aagb__accordion_title\" style=\"margin:0;color:#333333\">Kampf \u2013 mit geistlichen Waffen<\/h4><\/div><div class=\"aagb__accordion_icon\" style=\"color:#333333;background-color:transparent\"><span class=\"aagb__icon dashicons dashicons-plus-alt2\"><\/span><\/div><\/div><div class=\"aagb__accordion_body \" role=\"region\" style=\"background-color:transparent;border-top:1px solid #cccccc;padding:10px 15px 10px 15px\">\n<p>Vater, ich wei\u00df nicht, was dieser Tag im einzelnen bringen mag, aber ich wei\u00df ganz gewi\u00df, dass auch an diesem Tag die M\u00e4chte des Hasses, des Todes und der Finsternis wieder gegen mich stehen um mich irgendwie zu fangen oder zu l\u00e4hmen. Ich ahne mehr als ich wei\u00df, dass Satan mich ganz pers\u00f6nlich ausschalten und lahmlegen will. Jeder, der Dir ehrlich folgen will, ist ihm ein Dorn im Auge. Ich wei\u00df, dass der schreckliche Kampf der Finsternis gegen das Licht ununterbrochen weitergeht. Darum ergreife ich im Glauben die Waffenr\u00fcstung, die Du mir darreichst \u2026<\/p>\n\n\n\n<ul class=\"wp-block-list\">\n<li>So bezieht also Stellung, die ihr eure H\u00fcften umg\u00fcrtet mit <strong>Wahrheit<\/strong><\/li>\n\n\n\n<li>und euch einh\u00fcllt in den Brustpanzer der <strong>Gerechtigkeit<\/strong><\/li>\n\n\n\n<li>und euch unter die F\u00fc\u00dfe bindet die innere <strong>Bereitschaft<\/strong>, die frohe Botschaft vom Frieden weiterzusagen,<\/li>\n\n\n\n<li>bei allem aber aufnehmend den Gro\u00dfschild des <strong>Glaubens<\/strong>, in dem ihr alle Brandpfeile des B\u00f6sen werdet ausl\u00f6schen k\u00f6nnen,<\/li>\n\n\n\n<li>und nehmt den Kopfschutz der <strong>Errettung<\/strong><\/li>\n\n\n\n<li>und das Schwert des Geistes, n\u00e4mlich das <strong>Wort Gottes<\/strong>,<\/li>\n\n\n\n<li>indem ihr <strong>anhaltend betet im Geist<\/strong> in jeglicher Gebetsform, als ausgesprochenes Gebet oder spontanen Herzensschrei wie es dem jeweiligen Augenblick entspricht und dabei ohne zu schlafen mit aller Ausdauer im Gebet bleibend f\u00fcr alle Heiligen.\u201c<\/li>\n<\/ul>\n\n\n\n<p>Vater, das sind alles Partizipien im Aorist \u2013 das verstehe ich so, dass das immer neue Akte sind, nie fertig, nie auf Vorrat oder Dauer. Das ist offensichtlich keine Impfung, sondern die Bereitschaft, immer neu aktiv zu werden. Auch der erste Imperativ ist ein Aorist, der den momentanen Akt bezeichnet \u2013 nicht die andauernde Stellung. Nur mein Beten sei ein dauerndes (im Pr\u00e4sens), mein K\u00e4mpfen immer neu spontan und augenblicklich.<\/p>\n<\/div><\/div>\n\n\n\n<div class=\"wp-block-aab-accordion-item aagb__accordion_container\" style=\"border:1px solid #cccccc;margin-top:0px;margin-bottom:15px;border-radius:0px\"><div class=\"aagb__accordion_head aab_right_icon\" data-active=\"false\" style=\"color:#333333;background-color:transparent;padding:10px 15px 10px 15px\"><div class=\"aagb__accordion_heading aab_right_icon\"><h4 class=\"aagb__accordion_title\" style=\"margin:0;color:#333333\">Als Soldat des Reiches Gottes<\/h4><\/div><div class=\"aagb__accordion_icon\" style=\"color:#333333;background-color:transparent\"><span class=\"aagb__icon dashicons dashicons-plus-alt2\"><\/span><\/div><\/div><div class=\"aagb__accordion_body \" role=\"region\" style=\"background-color:transparent;border-top:1px solid #cccccc;padding:10px 15px 10px 15px\">\n<p>Vater, ich sehe da ein Bild. Da ist ein Soldat, und der hat all diese Waffen irgendwie bei sich, oder zur Verf\u00fcgung. Er hat kaum eine Ahnung, wie er sie gebrauchen kann oder soll. Um ihn ist Unordnung oder Unruhe. Er wei\u00df auch nicht recht, wer sein Feind ist. Aber es ist wichtig, dass er diese Waffen ergreift. Denn pl\u00f6tzlich erkennt er einen Feind \u2013 und da kommt alles drauf an, dass er diese Waffen gebraucht. Er wird nach und nach schon lernen, sie optimal einzusetzen. Es geht in diesem Text \u00fcberhaupt nicht um Dauer oder Zeitpunkt des Waffengebrauchs, einzig um die Tatsache, dass sie eingesetzt werden wo sie n\u00f6tig sind. Alles Weitere ergibt sich dann, weil Du, Gott selbst mit im Kampf stehst. Es sind ja Deine Waffen.<\/p>\n\n\n\n<p>Mein Vater, Du allein wei\u00dft, wieviel Widerstand ich da erlebe, weil der Feind nicht will, dass ich diese Deine Waffen einfach anwende, mich zu sch\u00fctzen oder damit zum Angriff \u00fcberzugehen. Du wei\u00dft, wie leicht ich mich verliere in Gedanken \u00fcber diese Waffenr\u00fcstung und die Sprache, in der sie beschrieben wird, anstatt das einmal Erkannte einf\u00e4ltig anzuwenden. \\<br>Doch Du hast mich als Mann erschaffen zum K\u00e4mpfer f\u00fcr das Gute. So will ich nicht allein mich sch\u00fctzen und um Deinen Schutz flehen, sondern auch selbst das Schwert des Geistes in die Hand nehmen und die Feinde vertreiben im Namen Jesu Christi, Deines Sohnes, der gekommen ist, der Schlange den Kopf zu zertreten. Vater, mache mich zu einem Mann, der f\u00fcr Dich aufsteht und Stand h\u00e4lt.<\/p>\n<\/div><\/div>\n\n\n\n<div class=\"wp-block-aab-accordion-item aagb__accordion_container\" style=\"border:1px solid #cccccc;margin-top:0px;margin-bottom:15px;border-radius:0px\"><div class=\"aagb__accordion_head aab_right_icon\" data-active=\"false\" style=\"color:#333333;background-color:transparent;padding:10px 15px 10px 15px\"><div class=\"aagb__accordion_heading aab_right_icon\"><h4 class=\"aagb__accordion_title\" style=\"margin:0;color:#333333\">Als Kind Gottes k\u00e4mpfend, wie ich bin<\/h4><\/div><div class=\"aagb__accordion_icon\" style=\"color:#333333;background-color:transparent\"><span class=\"aagb__icon dashicons dashicons-plus-alt2\"><\/span><\/div><\/div><div class=\"aagb__accordion_body \" role=\"region\" style=\"background-color:transparent;border-top:1px solid #cccccc;padding:10px 15px 10px 15px\">\n<p>Vater, ich bekenne, dass ich diesen Kampf aus mir allein nicht schaffe! Auch hier brauche ich, dass Du in mir beides wirkst, das Wollen und das Vollbringen!<\/p>\n\n\n\n<p>Ich ergreife meine Stellung als Kind und rechtm\u00e4\u00dfiger Erbe Gottes. Ich glaube nicht an Utopien sondern an Realit\u00e4ten Gottes. Ich glaube, dass Du auch heute hier in dieser Welt wirkst und in mein Leben ganz konkret eingreifst \u2013 soweit ich es zulasse \u2013 und das will ich von Herzen.<\/p>\n\n\n\n<p>Vater, ich bin in diesem Kampf nicht Feldherr, sondern einfacher Soldat. Ich habe noch nicht einmal ein F\u00e4hnlein zu f\u00fchren, und wenn, dann nur in Dir und unter Dir allein! Ich mu\u00df einfach da, wo ich bin, meinen Mann stehen. Und da gibt es keine Garantie, dass ich nicht falle. Aber ich habe Deine Zusage, dass ich zum ewigen Leben auferstehen werde. In dieser Gewissheit darf ich in den Kampf gehen. Und ich k\u00e4mpfe vor allem darum, nicht von Dir getrennt zu werden.<\/p>\n\n\n\n<p>Darum weise ich nun von mir alle M\u00e4chte der Finsternis, die mich verwirren und vernebeln wollen, die meine Kraft binden und mich l\u00e4hmen wollen. Die mich in Unentschlossenheit festhalten wollen in dem ganzen Ph\u00e4nomen von ADS, bei dem ich vor lauter B\u00e4umen den Wald und meine augenblickliche Aufgabe nicht mehr sehen kann.<br>Du Herr, bist meine Kraft und meine St\u00e4rke, in Dir bin ich stark und gehe mutig voran. Du selbst nimmst die Schl\u00e4ge auf Dich, die f\u00fcr mich zu schwer sind. <br>Ich ergreife die Freiheit, zu der Du mich berufen und erl\u00f6st hast. Ich trete hinein in den Raum Deines Heiligtums in ganzer Entschlossenheit und Klarheit, in mannhaftem Mut, denn Du selbst bist der Schild f\u00fcr mich.<\/p>\n\n\n\n<p>Ich glaube, dass in Dir Kraft genug ist f\u00fcr die Aufgaben dieses Tages, und dass Du mich absch\u00fctzt vor den geistlichen Vampiren, die meine Kraft rauben und aussaugen wollen. <br>Ich widerstehe ihnen in Deinem Namen, Herr Jesus Christus! <\/p>\n<\/div><\/div>\n<\/div>\n\n\n\n<p><\/p>\n","protected":false},"excerpt":{"rendered":"<p>Mein Vater, nun beginnt ein neuer Tag und ich bin noch nicht recht wach. Ich m\u00f6chte diesen Tag von Anfang an ganz bewu\u00dft und entschlossen Dir weihen. Wecke Du selbst mich richtig auf. Stelle die Verbindung zwischen Dir und meinem Geist her und lass meine Gedanken und Gef\u00fchle der Leitung des Geistes folgen.Ich wei\u00df, dass [&hellip;]<\/p>\n","protected":false},"author":1,"featured_media":0,"parent":650,"menu_order":0,"comment_status":"closed","ping_status":"closed","template":"","meta":{"_lmt_disableupdate":"","_lmt_disable":"","footnotes":""},"class_list":["post-1449","page","type-page","status-publish","hentry"],"_links":{"self":[{"href":"http:\/\/wp-box-eg2020.de\/index.php?rest_route=\/wp\/v2\/pages\/1449","targetHints":{"allow":["GET"]}}],"collection":[{"href":"http:\/\/wp-box-eg2020.de\/index.php?rest_route=\/wp\/v2\/pages"}],"about":[{"href":"http:\/\/wp-box-eg2020.de\/index.php?rest_route=\/wp\/v2\/types\/page"}],"author":[{"embeddable":true,"href":"http:\/\/wp-box-eg2020.de\/index.php?rest_route=\/wp\/v2\/users\/1"}],"replies":[{"embeddable":true,"href":"http:\/\/wp-box-eg2020.de\/index.php?rest_route=%2Fwp%2Fv2%2Fcomments&post=1449"}],"version-history":[{"count":5,"href":"http:\/\/wp-box-eg2020.de\/index.php?rest_route=\/wp\/v2\/pages\/1449\/revisions"}],"predecessor-version":[{"id":1459,"href":"http:\/\/wp-box-eg2020.de\/index.php?rest_route=\/wp\/v2\/pages\/1449\/revisions\/1459"}],"up":[{"embeddable":true,"href":"http:\/\/wp-box-eg2020.de\/index.php?rest_route=\/wp\/v2\/pages\/650"}],"wp:attachment":[{"href":"http:\/\/wp-box-eg2020.de\/index.php?rest_route=%2Fwp%2Fv2%2Fmedia&parent=1449"}],"curies":[{"name":"wp","href":"https:\/\/api.w.org\/{rel}","templated":true}]}}