{"id":1827,"date":"2025-02-27T10:26:10","date_gmt":"2025-02-27T10:26:10","guid":{"rendered":"http:\/\/wp-box-eg2020.de\/?page_id=1827"},"modified":"2025-02-27T10:26:11","modified_gmt":"2025-02-27T10:26:11","slug":"ansprachen-der-letzten-zeit","status":"publish","type":"page","link":"http:\/\/wp-box-eg2020.de\/?page_id=1827","title":{"rendered":"Ansprachen der letzten Zeit"},"content":{"rendered":"<ul class=\"wp-block-latest-posts__list wp-block-latest-posts\"><li><a class=\"wp-block-latest-posts__post-title\" href=\"http:\/\/wp-box-eg2020.de\/?p=1879\">Knecht Gottes Nachfolge<\/a><div class=\"wp-block-latest-posts__post-excerpt\">Der Predigttext zum Palmsonntag zeigt uns den Knecht Gottes. Roher Entwurf, zum ersten Nachh\u00f6ren.<\/div><\/li>\n<li><a class=\"wp-block-latest-posts__post-title\" href=\"http:\/\/wp-box-eg2020.de\/?p=1778\">Begegnung am brennenden Busch<\/a><div class=\"wp-block-latest-posts__post-excerpt\">Der letzte Sonntag nach dem Erscheinungsfest, auch als Sonntag der Verkl\u00e4rung Jesu, l\u00e4sst zum Abschluss der Weihnachtszeit noch einmal die Herrlichkeit Gottes aufleuchten, in diesem Jahr unter dem Predigttext aus 2.\u00a0Mose\u00a03,1-15. Seit 40 Jahren weidet Mose in der W\u00fcste die Schafe seines Schwiegervaters, als er pl\u00f6tzlich eine alles ver\u00e4ndernde Begegnung mit dem Gott seiner V\u00e4ter\u2026\u00a0<a class=\"wp-block-latest-posts__read-more\" href=\"http:\/\/wp-box-eg2020.de\/?p=1778\" rel=\"noopener noreferrer\"><span class=\"screen-reader-text\">Begegnung am brennenden Busch <\/span>weiterlesen<\/a><\/div><\/li>\n<li><a class=\"wp-block-latest-posts__post-title\" href=\"http:\/\/wp-box-eg2020.de\/?p=1764\">1:1 mit Jesus und 80 Jahre nach der Befreiung<\/a><div class=\"wp-block-latest-posts__post-excerpt\">Jesus begegnet jedem Menschen da wo er ist. Und nur Sein Blut kann die Wunden heilen, die wir nie vergessen d\u00fcrfen.<\/div><\/li>\n<li><a class=\"wp-block-latest-posts__post-title\" href=\"http:\/\/wp-box-eg2020.de\/?p=1728\">Jesus bedeutet Leben!<\/a><div class=\"wp-block-latest-posts__post-excerpt\">Zum Abschluss der Weihnachtszeit h\u00f6ren wir auf den Predigttext zum 2. Sonntag nach dem Christfest: &#8222;Wer den Sohn Gottes hat, der hat das Leben&#8220; 1. Joh 5, 11-13<\/div><\/li>\n<li><a class=\"wp-block-latest-posts__post-title\" href=\"http:\/\/wp-box-eg2020.de\/?p=1730\">Pr\u00fcfet &#8230; zum Guten<\/a><div class=\"wp-block-latest-posts__post-excerpt\">markante Gedanken zum Start in das neue Jahr 2025 unter der Losung: Pr\u00fcfet alles und behaltet das Gute. 1.Thess. 5,21<\/div><\/li>\n<li><a class=\"wp-block-latest-posts__post-title\" href=\"http:\/\/wp-box-eg2020.de\/?p=1713\">Predigt am Sonntag nach Weihnachten<\/a><div class=\"wp-block-latest-posts__post-excerpt\">Predigt \u00fcber den Kindermord in Bethlehem und die Flucht nach \u00c4gypten.<\/div><\/li>\n<li><a class=\"wp-block-latest-posts__post-title\" href=\"http:\/\/wp-box-eg2020.de\/?p=1630\">Verhei\u00dfungen f\u00fcrs Leben<\/a><div class=\"wp-block-latest-posts__post-excerpt\">Zeugnis aus meinem Leben, wie ich mit einer Verhei\u00dfung lebte und von da aus immer tiefer in die Bibel hineinkam. &#8211; Wer zu Jesus kommt, wird von Ihm nicht weggesto\u00dfen!<\/div><\/li>\n<li><a class=\"wp-block-latest-posts__post-title\" href=\"http:\/\/wp-box-eg2020.de\/?p=1581\">Predigt zum Michaelistag<\/a><div class=\"wp-block-latest-posts__post-excerpt\">Predigt \u00fcber 4. Mose 22,31-35<\/div><\/li>\n<li><a class=\"wp-block-latest-posts__post-title\" href=\"http:\/\/wp-box-eg2020.de\/?p=1530\">Sommerbibelschule Israel<\/a><div class=\"wp-block-latest-posts__post-excerpt\">Pr\u00e4sentation vom 14.8.2024<\/div><\/li>\n<li><a class=\"wp-block-latest-posts__post-title\" href=\"http:\/\/wp-box-eg2020.de\/?p=2033\">Predigt am Israel-Sonntag 2024<\/a><div class=\"wp-block-latest-posts__post-excerpt\">In der neuen Predigtordnung ist f\u00fcr dieses Jahr ein Text aus dem Propheten Sacharja, Kapitel 8,20-23, vorgegeben: &#8222;\u2026 So spricht der Herr der Heerscharen: In jenen Tagen wird es geschehen, dass zehn M\u00e4nner aus allen Sprachen der Heidenv\u00f6lker einen Juden beim Rockzipfel festhalten und zu ihm sagen werden: &#8222;Wir wollen mit euch gehen, denn wir\u2026\u00a0<a class=\"wp-block-latest-posts__read-more\" href=\"http:\/\/wp-box-eg2020.de\/?p=2033\" rel=\"noopener noreferrer\"><span class=\"screen-reader-text\">Predigt am Israel-Sonntag 2024 <\/span>weiterlesen<\/a><\/div><\/li>\n<li><a class=\"wp-block-latest-posts__post-title\" href=\"http:\/\/wp-box-eg2020.de\/?p=1317\">Predigt \u00fcber den &#8222;Missionsbefehl&#8220; Jesu<\/a><div class=\"wp-block-latest-posts__post-excerpt\">Zum Auftakt der Allianzgebetswoche durfte ich im Rahmen des Kanzeltausches die Predigt in der Stadtmission Darmstadt halten. Gott l\u00e4dt ein &#8211; Vision for Mission &#8211; als der Dreieinige Gott Der Predigttext aus Matth\u00e4us 28, 18-20 Und indem Jesus hinzutrat sagte er zu ihnen: &#8222;Mir ist alle Macht gegeben im Himmel und auf der Erde; wenn\u2026\u00a0<a class=\"wp-block-latest-posts__read-more\" href=\"http:\/\/wp-box-eg2020.de\/?p=1317\" rel=\"noopener noreferrer\"><span class=\"screen-reader-text\">Predigt \u00fcber den &#8222;Missionsbefehl&#8220; Jesu <\/span>weiterlesen<\/a><\/div><\/li>\n<li><a class=\"wp-block-latest-posts__post-title\" href=\"http:\/\/wp-box-eg2020.de\/?p=1287\">zur Jahreslosung 2024<\/a><div class=\"wp-block-latest-posts__post-excerpt\">Gedanken zur Jahreslosung 2024: Alles, was ihr tut, geschehe in Liebe 1.Kor. 16,14 mit Audioaufnahme aus der Mutterhauskapelle in der Sylvesternacht<\/div><\/li>\n<li><a class=\"wp-block-latest-posts__post-title\" href=\"http:\/\/wp-box-eg2020.de\/?p=1247\">Weihnachten ist f\u00fcr alle da<\/a><div class=\"wp-block-latest-posts__post-excerpt\">Zwei Kurzansprachen zum Thema: Warum wir Weihnachten feiern. \nOder: Was steckt in der Weihnachts-Verpackung?<\/div><\/li>\n<li><a class=\"wp-block-latest-posts__post-title\" href=\"http:\/\/wp-box-eg2020.de\/?p=1227\">Predigt zum 1. Advent<\/a><div class=\"wp-block-latest-posts__post-excerpt\">Predigt \u00fcber Psalm 24<\/div><\/li>\n<li><a class=\"wp-block-latest-posts__post-title\" href=\"http:\/\/wp-box-eg2020.de\/?p=1233\">Predigt am Tag der Himmelfahrt Christi<\/a><div class=\"wp-block-latest-posts__post-excerpt\">Predigt \u00fcber Psalm 24<\/div><\/li>\n<\/ul>\n\n\n<p><\/p>\n","protected":false},"excerpt":{"rendered":"","protected":false},"author":1,"featured_media":0,"parent":0,"menu_order":0,"comment_status":"closed","ping_status":"closed","template":"","meta":{"_lmt_disableupdate":"","_lmt_disable":"","footnotes":""},"class_list":["post-1827","page","type-page","status-publish","hentry"],"_links":{"self":[{"href":"http:\/\/wp-box-eg2020.de\/index.php?rest_route=\/wp\/v2\/pages\/1827","targetHints":{"allow":["GET"]}}],"collection":[{"href":"http:\/\/wp-box-eg2020.de\/index.php?rest_route=\/wp\/v2\/pages"}],"about":[{"href":"http:\/\/wp-box-eg2020.de\/index.php?rest_route=\/wp\/v2\/types\/page"}],"author":[{"embeddable":true,"href":"http:\/\/wp-box-eg2020.de\/index.php?rest_route=\/wp\/v2\/users\/1"}],"replies":[{"embeddable":true,"href":"http:\/\/wp-box-eg2020.de\/index.php?rest_route=%2Fwp%2Fv2%2Fcomments&post=1827"}],"version-history":[{"count":2,"href":"http:\/\/wp-box-eg2020.de\/index.php?rest_route=\/wp\/v2\/pages\/1827\/revisions"}],"predecessor-version":[{"id":1829,"href":"http:\/\/wp-box-eg2020.de\/index.php?rest_route=\/wp\/v2\/pages\/1827\/revisions\/1829"}],"wp:attachment":[{"href":"http:\/\/wp-box-eg2020.de\/index.php?rest_route=%2Fwp%2Fv2%2Fmedia&parent=1827"}],"curies":[{"name":"wp","href":"https:\/\/api.w.org\/{rel}","templated":true}]}}