{"id":254,"date":"2020-05-10T12:40:00","date_gmt":"2020-05-10T12:40:00","guid":{"rendered":"http:\/\/wp-box-eg2020.de\/?page_id=254"},"modified":"2022-10-14T14:28:58","modified_gmt":"2022-10-14T14:28:58","slug":"das-kleingedruckte","status":"publish","type":"page","link":"http:\/\/wp-box-eg2020.de\/?page_id=254","title":{"rendered":"Das Kleingedruckte"},"content":{"rendered":"\n<p>Vielleicht m\u00f6chtest Du etwas wissen \u00fcber Hintergr\u00fcnde und Rahmenbedingungen und warum dieser Blog ist, wie er ist? <\/p>\n\n\n\n<p>Der Mensch dahinter hat mehr Ideen und Einf\u00e4lle als er je verarbeiten k\u00f6nnte. Er w\u00fcrde gern ein Buch schreiben, aber das steht so \u00fcberw\u00e4ltigend vor mir, dass ich schon gar nicht anfangen m\u00f6chte.<\/p>\n\n\n\n<p>Also schreibe ich auf, was mir einf\u00e4llt, wie der Titel sagt: Ansichten, Einsichten, Aussichten. Ich kann nicht selbst beurteilen, was davon wirklich relevant ist und bleibt. Ich hoffe aber, dass \u2212 auch durch Kommentare anderer \u2212 im Lauf der Zeit das Hauptthema meines Lebens erkennbar wird und dem Einen oder Andern einen Schritt weiterhilft.<\/p>\n\n\n\n<h2 class=\"wp-block-heading\">Hauptthema<\/h2>\n\n\n\n<ol class=\"wp-block-list\">\n<li>Die Welt wurde von Gott erschaffen.<\/li>\n\n\n\n<li>Wir Menschen sind erschaffen zur Beziehung mit Gott.<\/li>\n\n\n\n<li>In der Beziehung zu einander lernen wir zu lieben.<\/li>\n\n\n\n<li>Alles andere tritt dahinter zur\u00fcck.<\/li>\n<\/ol>\n\n\n\n<p>Seit 50 Jahren bin ich unterwegs mit diesen Gedanken und arbeite an meiner Gottesbeziehung. Damals war ich spontan und \u00fcberraschend bei einer Veranstaltung mit Billy Graham aufgestanden und nach vorn gegangen. Darum kenne ich ein bestimmtes Datum. Aber ich wei\u00df schon lange, dass eine Bekehrung immer eine innere Vorgeschichte hat und oft (meistens, immer?) nicht mit einem Schlag alles \u00e4ndert.<\/p>\n\n\n\n<h2 class=\"wp-block-heading\">Meine Eigenart<\/h2>\n\n\n\n<p>Es hat lange gedauert, bis ich verstehen konnte, dass mein Gehirn nicht standardm\u00e4\u00dfig funktioniert, sondern multidimensionale Zusammenh\u00e4nge sieht. Edward Hallowell sagte einmal: \u201eWir k\u00f6nnen um die Ecke, sehen. Aber nicht immer sehen wir richtig.\u201c Wir, das sind Menschen mit ADHS (Anders Denkende Hirn Spezialisten \u2212 nein, eigentlich hei\u00dft das: Aufmerksamkeits-Defizit Hyperaktivit\u00e4ts-Syndrom). <\/p>\n\n\n\n<p>Darum springen meine Gedanken und Einsichten von einem Thema zum n\u00e4chsten. Und oft sieht es so aus, als h\u00e4tte es mit dem Augenblick nichts zu tun. Meine Gedanken sind Puzzle-Teilchen eines gro\u00dfen und komplexen Weltbildes. Und ich sp\u00fcre einen unstillbaren Hunger, das alles zu erfassen.<\/p>\n\n\n\n<p>F\u00fcr Menschen, die gern einen Schritt um den anderen gehen und lieber einen kleinen, aber ordentlichen Garten m\u00f6gen, kann es sein, dass ich zu anstrengend schreibe. Aber f\u00fcr die Hungrigen und Neugierigen sind vielleicht immer wieder Gedanken dabei, die einen Schritt weiterbringen.<\/p>\n\n\n\n<h2 class=\"wp-block-heading\">Wer also bin ich?<\/h2>\n\n\n\n<p>Ein von Gott geliebter Mensch, mit einer ganz eigenen Geschichte, der sich danach sehnt, gemeinsam mit anderen Neugierigen Gottes Sch\u00f6pfung zu erkennen und IHN und die N\u00e4chsten zu lieben.<\/p>\n\n\n\n<p>Au\u00dferdem lebe ich seit meinem 21. Geburtstag in einer kleinen, \u00f6kumenischen Bruderschaft, was meine Erfahrungswelt von der der allermeisten Menschen unterscheidet.<\/p>\n\n\n\n<p>Weil jedoch meine Wahrnehmung durch ADHS so anders ist, kann man aus dem, was ich hier schreibe, kaum R\u00fcckschl\u00fcsse auf unsere Bruderschaft ziehen. Ich falle eben ziemlich aus dem Rahmen und dabei manchmal auch auf die Nase. Da aber Hinfallen und Aufstehen zu den christlichen Lebens-Schritten geh\u00f6rt, bek\u00fcmmert mich das insgesamt weniger.<\/p>\n\n\n\n<p>Gott sei Lob und Dank, dass ER unser Leben auf das Fundament der Gnade und Barmherzigkeit gestellt hat! <\/p>\n\n\n\n<p>Geschrieben am 10. Mai 2020<\/p>\n\n\n\n<p><em>P.S. Warum &#8222;Das Kleingedruckte&#8220;? <\/em><br><em>Weil das normalerweise nur gelesen wird, wenn man etwas nicht versteht oder genauer hinschauen m\u00f6chte.<\/em><\/p>\n\n\n\n<p> <em>P.P.S. Diese Seiten sind eine pers\u00f6nliche Initiative, f\u00fcr dich ich allein verantwortlich bin. Anregungen und R\u00fcckfragen sind in Kommentaren gern willkommen.<\/em><\/p>\n\n\n\n<p class=\"has-text-color\" style=\"color:#2b3cd0\">Wer Kontakt mit mir aufnehmen m\u00f6chte, kann dies zum Teil \u00fcber die Kommentarfunktion auf neuen Seiten oder \u00fcber das <a rel=\"noreferrer noopener\" href=\"http:\/\/wp-box-eg2020.de\/?page_id=759\" data-type=\"URL\" data-id=\"http:\/\/wp-box-eg2020.de\/?page_id=759\" target=\"_blank\">Kontaktformular <\/a>tun. Als ernst gemeint Erkennbares versuche ich zeitnah zu beantworten.<\/p>\n","protected":false},"excerpt":{"rendered":"<p>Vielleicht m\u00f6chtest Du etwas wissen \u00fcber Hintergr\u00fcnde und Rahmenbedingungen und warum dieser Blog ist, wie er ist? Der Mensch dahinter hat mehr Ideen und Einf\u00e4lle als er je verarbeiten k\u00f6nnte. Er w\u00fcrde gern ein Buch schreiben, aber das steht so \u00fcberw\u00e4ltigend vor mir, dass ich schon gar nicht anfangen m\u00f6chte. Also schreibe ich auf, was [&hellip;]<\/p>\n","protected":false},"author":1,"featured_media":0,"parent":0,"menu_order":0,"comment_status":"open","ping_status":"closed","template":"","meta":{"_lmt_disableupdate":"yes","_lmt_disable":"no","footnotes":""},"class_list":["post-254","page","type-page","status-publish","hentry"],"_links":{"self":[{"href":"http:\/\/wp-box-eg2020.de\/index.php?rest_route=\/wp\/v2\/pages\/254","targetHints":{"allow":["GET"]}}],"collection":[{"href":"http:\/\/wp-box-eg2020.de\/index.php?rest_route=\/wp\/v2\/pages"}],"about":[{"href":"http:\/\/wp-box-eg2020.de\/index.php?rest_route=\/wp\/v2\/types\/page"}],"author":[{"embeddable":true,"href":"http:\/\/wp-box-eg2020.de\/index.php?rest_route=\/wp\/v2\/users\/1"}],"replies":[{"embeddable":true,"href":"http:\/\/wp-box-eg2020.de\/index.php?rest_route=%2Fwp%2Fv2%2Fcomments&post=254"}],"version-history":[{"count":10,"href":"http:\/\/wp-box-eg2020.de\/index.php?rest_route=\/wp\/v2\/pages\/254\/revisions"}],"predecessor-version":[{"id":949,"href":"http:\/\/wp-box-eg2020.de\/index.php?rest_route=\/wp\/v2\/pages\/254\/revisions\/949"}],"wp:attachment":[{"href":"http:\/\/wp-box-eg2020.de\/index.php?rest_route=%2Fwp%2Fv2%2Fmedia&parent=254"}],"curies":[{"name":"wp","href":"https:\/\/api.w.org\/{rel}","templated":true}]}}