{"id":735,"date":"2022-10-09T17:52:42","date_gmt":"2022-10-09T17:52:42","guid":{"rendered":"http:\/\/wp-box-eg2020.de\/?page_id=735"},"modified":"2022-10-09T17:55:54","modified_gmt":"2022-10-09T17:55:54","slug":"rosengarten","status":"publish","type":"page","link":"http:\/\/wp-box-eg2020.de\/?page_id=735","title":{"rendered":"Rosengarten"},"content":{"rendered":"\n<figure class=\"wp-block-audio\"><audio controls src=\"http:\/\/wp-box-eg2020.de\/wp-content\/uploads\/2021\/03\/08-Rosengarten.mp3\"><\/audio><\/figure>\n\n\n\n<pre class=\"wp-block-verse\">Eine Rose von Millionen \n    bin ich einfach, wie ich bin\nvielen sehe ich ganz \u00e4hnlich \n    einfach Dasein ist mein Sinn.\nAndere sind so viel sch\u00f6ner, \n    soll ich darum \u00e4ndern mich?\nSoll ich schminken, operieren, \n    dass die Sch\u00e4den sichtbar nicht?\nWer bin ich, die arme Rose? \u2013\n    bin ich arm denn, ist das wahr?\nOder sieht, der mich geschaffen, \n    in mir etwas andres gar?\nDie Millionen sind nur \"Rosen\" \u2013\n    ich bin seine eigne Blum,\ndie Er liebt und treu umsorget, \n    liebend geht Er mit mir um!\nWas ich bin, kann niemand sehen, \n    als wer mit dem Herz mich sieht,\ndoch das kann nur dieser Eine, \n    der mich \u00fcber alles liebt.\nRose bin ich, wie die vielen, \n    das ist wahr, ich geb es zu,\ndoch f\u00fcr Ihn bin ich die Eine, \n    auf der Seine Liebe ruht.\nNein ich sch\u00e4m' mich nicht der Flecken, \n    die der Mensch noch an mir sieht\nweil die Liebe dieses Einen, \n    mich in letzter Tiefe liebt.\nManchmal bin ich auch zerflettert, \n    wirr und alles kreuz und quer,\ndoch dann scheint mir Seine Sonne \n    tief ins Herz,das mir so schwer.\nSeine Liebe sieht die Sch\u00f6nheit, \n    zu der Er mich einst erschuf,\nund die Er in Seiner Liebe, \n    mich erl\u00f6send, in mir rief.\n\n1.6.09<\/pre>\n","protected":false},"excerpt":{"rendered":"<p>Eine Rose von Millionen bin ich einfach, wie ich bin vielen sehe ich ganz \u00e4hnlich einfach Dasein ist mein Sinn. Andere sind so viel sch\u00f6ner, soll ich darum \u00e4ndern mich? Soll ich schminken, operieren, dass die Sch\u00e4den sichtbar nicht? Wer bin ich, die arme Rose? \u2013 bin ich arm denn, ist das wahr? Oder sieht, [&hellip;]<\/p>\n","protected":false},"author":1,"featured_media":0,"parent":658,"menu_order":8,"comment_status":"closed","ping_status":"closed","template":"","meta":{"_lmt_disableupdate":"yes","_lmt_disable":"","footnotes":""},"class_list":["post-735","page","type-page","status-publish","hentry"],"_links":{"self":[{"href":"http:\/\/wp-box-eg2020.de\/index.php?rest_route=\/wp\/v2\/pages\/735","targetHints":{"allow":["GET"]}}],"collection":[{"href":"http:\/\/wp-box-eg2020.de\/index.php?rest_route=\/wp\/v2\/pages"}],"about":[{"href":"http:\/\/wp-box-eg2020.de\/index.php?rest_route=\/wp\/v2\/types\/page"}],"author":[{"embeddable":true,"href":"http:\/\/wp-box-eg2020.de\/index.php?rest_route=\/wp\/v2\/users\/1"}],"replies":[{"embeddable":true,"href":"http:\/\/wp-box-eg2020.de\/index.php?rest_route=%2Fwp%2Fv2%2Fcomments&post=735"}],"version-history":[{"count":2,"href":"http:\/\/wp-box-eg2020.de\/index.php?rest_route=\/wp\/v2\/pages\/735\/revisions"}],"predecessor-version":[{"id":737,"href":"http:\/\/wp-box-eg2020.de\/index.php?rest_route=\/wp\/v2\/pages\/735\/revisions\/737"}],"up":[{"embeddable":true,"href":"http:\/\/wp-box-eg2020.de\/index.php?rest_route=\/wp\/v2\/pages\/658"}],"wp:attachment":[{"href":"http:\/\/wp-box-eg2020.de\/index.php?rest_route=%2Fwp%2Fv2%2Fmedia&parent=735"}],"curies":[{"name":"wp","href":"https:\/\/api.w.org\/{rel}","templated":true}]}}